
List the prime factors of 10222253.
17, 601309
List the prime factors of 16851706.
2, 67, 1877
List the prime factors of 66705.
3, 5, 4447
What are the prime factors of 1544684?
2, 89, 4339
List the prime factors of 119100.
2, 3, 5, 397
List the prime factors of 23055989.
11, 83, 25253
What are the prime factors of 19047509?
13, 1465193
What are the prime factors of 27398303?
27398303
List the prime factors of 5255785.
5, 1051157
List the prime factors of 4571694.
2, 3, 31, 2731
List the prime factors of 25897.
19, 29, 47
List the prime factors of 35321825.
5, 7, 11, 59, 311
What are the prime factors of 523413?
3, 11, 17, 311
What are the prime factors of 462944?
2, 17, 23, 37
List the prime factors of 3383179.
3383179
List the prime factors of 1333757.
79, 16883
What are the prime factors of 3690860?
2, 5, 31, 5953
What are the prime factors of 14162?
2, 73, 97
What are the prime factors of 333134?
2, 166567
List the prime factors of 403335.
3, 5, 8963
What are the prime factors of 75367?
75367
List the prime factors of 318118.
2, 159059
List the prime factors of 760272.
2, 3, 47, 337
What are the prime factors of 2331287?
7, 333041
List the prime factors of 10118934.
2, 3, 7, 80309
What are the prime factors of 1283567?
37, 113, 307
List the prime factors of 24887150.
2, 5, 17, 19, 23, 67
List the prime factors of 211515.
3, 5, 59, 239
List the prime factors of 12736508.
2, 461, 6907
What are the prime factors of 498891?
3, 166297
List the prime factors of 15929795.
5, 7, 37, 12301
List the prime factors of 197635.
5, 29, 47
What are the prime factors of 961934?
2, 480967
What are the prime factors of 4617327?
3, 11, 13, 47, 229
List the prime factors of 6105727.
6105727
What are the prime factors of 21419?
21419
What are the prime factors of 271674?
2, 3, 13, 43
What are the prime factors of 816657?
3, 137, 1987
What are the prime factors of 2936510?
2, 5, 293651
What are the prime factors of 34090243?
11, 239, 12967
List the prime factors of 3221787.
3, 277, 3877
List the prime factors of 350504.
2, 7, 11, 569
List the prime factors of 673737.
3, 224579
List the prime factors of 3448229.
17, 23, 8819
List the prime factors of 8837383.
2549, 3467
What are the prime factors of 208840?
2, 5, 23, 227
List the prime factors of 20636357.
7, 127, 139, 167
What are the prime factors of 765014?
2, 382507
List the prime factors of 98313.
3, 32771
What are the prime factors of 2645046?
2, 3, 23, 6389
List the prime factors of 273526.
2, 11, 12433
List the prime factors of 2634314.
2, 1317157
What are the prime factors of 401778?
2, 3, 13, 17, 101
List the prime factors of 640306.
2, 320153
List the prime factors of 5172821.
5172821
List the prime factors of 324262.
2, 197, 823
What are the prime factors of 299293?
37, 8089
List the prime factors of 623043.
3, 37, 1871
List the prime factors of 922934.
2, 461467
What are the prime factors of 76004?
2, 19001
What are the prime factors of 3433877?
23, 173, 863
List the prime factors of 5434446.
2, 3, 587, 1543
What are the prime factors of 4566114?
2, 3, 7, 31, 167
What are the prime factors of 2675132?
2, 613, 1091
List the prime factors of 33771619.
7, 4824517
What are the prime factors of 5042085?
3, 5, 29, 67, 173
What are the prime factors of 181277?
181277
List the prime factors of 5592343.
5592343
List the prime factors of 49452.
2, 3, 13, 317
List the prime factors of 997081.
997081
What are the prime factors of 27122322?
2, 3, 373, 12119
What are the prime factors of 1752058?
2, 7, 11, 31, 367
What are the prime factors of 8542920?
2, 3, 5, 71191
List the prime factors of 2370264.
2, 3, 13, 71, 107
List the prime factors of 5456592.
2, 3, 17, 743
List the prime factors of 170998.
2, 193, 443
List the prime factors of 28901827.
31, 932317
What are the prime factors of 3405317?
251, 13567
What are the prime factors of 30366015?
3, 5, 359, 5639
List the prime factors of 375939.
3, 41771
List the prime factors of 15575512.
2, 1946939
What are the prime factors of 548826?
2, 3, 23, 41, 97
List the prime factors of 23357917.
11, 683, 3109
List the prime factors of 1328701.
11, 79, 139
List the prime factors of 305375.
5, 7, 349
List the prime factors of 410935.
5, 7, 59, 199
List the prime factors of 15514599.
3, 5171533
List the prime factors of 112506.
2, 3, 17, 1103
What are the prime factors of 3519564?
2, 3, 241, 1217
What are the prime factors of 503847?
3, 18661
List the prime factors of 118021.
107, 1103
What are the prime factors of 22306982?
2, 11153491
What are the prime factors of 145156?
2, 11, 3299
What are the prime factors of 5060863?
5060863
List the prime factors of 253409.
13, 101, 193
What are the prime factors of 1652510?
2, 5, 257, 643
List the prime factors of 4401970.
2, 5, 23, 19139
What are the prime factors of 722172?
2, 3, 11, 5471
List the prime factors of 12627228.
2, 3, 1052269
What are the prime factors of 3961307?
7, 11549
List the prime factors of 749692.
2, 187423
List the prime factors of 5913361.
29, 203909
List the prime factors of 8744816.
2, 73, 7487
List the prime factors of 749788.
2, 13, 14419
List the prime factors of 29926701.
3, 7, 79, 859
What are the prime factors of 6484820?
2, 5, 17, 19073
What are the prime factors of 654410?
2, 5, 31, 2111
List the prime factors of 2264607.
3, 251623
What are the prime factors of 9854614?
2, 7, 11, 89, 719
List the prime factors of 849996.
2, 3, 7, 3373
What are the prime factors of 761853?
3, 253951
List the prime factors of 3666688.
2, 14323
List the prime factors of 7537033.
7, 153817
List the prime factors of 284199.
3, 61, 1553
List the prime factors of 184079.
7, 26297
What are the prime factors of 214389?
3, 7, 41, 83
What are the prime factors of 1734921?
3, 43, 4483
What are the prime factors of 3067634?
2, 1533817
List the prime factors of 5663651.
7, 809093
List the prime factors of 776979.
3, 7, 4111
List the prime factors of 2819016.
2, 3, 31, 421
What are the prime factors of 56993?
56993
List the prime factors of 973773.
3, 257, 421
What are the prime factors of 294491?
17, 1019
What are the prime factors of 181345?
5, 36269
What are the prime factors of 53212?
2, 53, 251
What are the prime factors of 39659197?
353, 112349
List the prime factors of 9326411.
211, 44201
List the prime factors of 2707624.
2, 17, 43, 463
What are the prime factors of 24787540?
2, 5, 1239377
What are the prime factors of 7950513?
3, 313, 8467
What are the prime factors of 579056?
2, 36191
List the prime factors of 1090336.
2, 13, 2621
What are the prime factors of 130180?
2, 5, 23, 283
What are the prime factors of 130352?
2, 8147
List the prime factors of 474946.
2, 17, 61, 229
List the prime factors of 425196.
2, 3, 31, 127
List the prime factors of 96095.
5, 19219
What are the prime factors of 1444470?
2, 3, 5, 89, 541
List the prime factors of 55664.
2, 7, 71
List the prime factors of 7542115.
5, 7, 229, 941
List the prime factors of 329524.
2, 13, 6337
List the prime factors of 2370.
2, 3, 5, 79
What are the prime factors of 2858804?
2, 13, 4229
What are the prime factors of 1992751?
263, 7577
What are the prime factors of 20281120?
2, 5, 126757
What are the prime factors of 27875?
5, 223
What are the prime factors of 16345927?
13, 239, 5261
List the prime factors of 2293047.
3, 254783
List the prime factors of 91049.
7, 13007
What are the prime factors of 2238?
2, 3, 373
What are the prime factors of 28751032?
2, 347, 10357
What are the prime factors of 3711358?
2, 7, 37871
List the prime factors of 295240.
2, 5, 11, 61
What are the prime factors of 861328?
2, 13, 41, 101
List the prime factors of 78611.
13, 6047
What are the prime factors of 28764789?
3, 23, 416881
What are the prime factors of 10214092?
2, 7, 227, 1607
What are the prime factors of 31606?
2, 15803
What are the prime factors of 356150?
2, 5, 17, 419
What are the prime factors of 59987?
223, 269
List the prime factors of 3965872.
2, 311, 797
List the prime factors of 5919970.
2, 5, 7, 23, 3677
What are the prime factors of 266407?
17, 15671
List the prime factors of 8472716.
2, 7, 302597
What are the prime factors of 4507746?
2, 3, 751291
List the prime factors of 121891.
7, 11, 1583
What are the prime factors of 1731572?
2, 432893
List the pr